2?
2, 3, 41, 95279
What are the prime factors of 1132197623?
3607, 313889
List the prime factors of 138591915.
3, 5, 7, 11, 119993
List the prime factors of 30589489.
7, 179, 24413
List the prime factors of 274873595.
5, 17, 233, 13879
What are the prime factors of 6858634?
2, 821, 4177
List the prime factors of 231091233.
3, 37, 2081903
What are the prime factors of 50640654?
2, 3, 17, 496477
List the prime factors of 795851240.
2, 5, 1229, 16189
List the prime factors of 42063021.
3, 7, 11, 13, 23, 29
List the prime factors of 330418170.
2, 3, 5, 19, 29, 2221
What are the prime factors of 1342837956?
2, 3, 17, 157, 41927
List the prime factors of 129596616.
2, 3, 31, 1873
List the prime factors of 641077050.
2, 3, 5, 1013, 4219
List the prime factors of 1260983115.
3, 5, 7, 4003121
List the prime factors of 1851961967.
11633, 159199
List the prime factors of 2405710494.
2, 3, 11, 17, 229, 3121
What are the prime factors of 150702385?
5, 30140477
What are the prime factors of 1417775430?
2, 3, 5, 23, 103, 19949
List the prime factors of 279005987.
13, 1650923
What are the prime factors of 33610208?
2, 37, 28387
List the prime factors of 419087795.
5, 7, 71, 137, 1231
List the prime factors of 130427894.
2, 19, 23, 79, 1889
What are the prime factors of 78475632?
2, 3, 23, 31, 2293
What are the prime factors of 258220678?
2, 19, 23, 439, 673
What are the prime factors of 12128678?
2, 6064339
What are the prime factors of 35871417?
3, 43, 3433
List the prime factors of 1117255007.
11, 101568637
List the prime factors of 564967536.
2, 3, 7, 41, 41011
List the prime factors of 93815155.
5, 7, 382919
List the prime factors of 28744618.
2, 7, 23, 89269
What are the prime factors of 9085162590?
2, 3, 5, 7, 97, 148669
List the prime factors of 467823294.
2, 3, 31, 838393
What are the prime factors of 285451479?
3, 179, 59063
List the prime factors of 226622479.
739, 306661
What are the prime factors of 1201100874?
2, 3, 200183479
What are the prime factors of 67881044?
2, 7, 11, 61, 3613
List the prime factors of 504264189.
3, 11, 13, 79, 14879
List the prime factors of 1093755388.
2, 11, 191, 130147
What are the prime factors of 176292545?
5, 11, 13, 19, 683
What are the prime factors of 388620628?
2, 11, 47, 187921
What are the prime factors of 323306157?
3, 79, 1364161
List the prime factors of 3820112368.
2, 238757023
List the prime factors of 40106213.
7, 17, 53, 6359
List the prime factors of 164487649.
109, 1509061
List the prime factors of 224653073.
224653073
List the prime factors of 510085212.
2, 3, 7, 13, 251, 1861
List the prime factors of 438143634.
2, 3, 8113771
List the prime factors of 6372037.
7, 71, 12821
List the prime factors of 400385044.
2, 1381, 72481
What are the prime factors of 44365174?
2, 7, 3168941
List the prime factors of 276086092.
2, 69021523
What are the prime factors of 1737746463?
3, 47, 263, 46861
What are the prime factors of 115057226?
2, 503, 114371
What are the prime factors of 137163839?
10303, 13313
What are the prime factors of 5851632235?
5, 27773, 42139
What are the prime factors of 99442236?
2, 3, 37, 223969
What are the prime factors of 1584909079?
13, 41, 2973563
List the prime factors of 3550075.
5, 211, 673
What are the prime factors of 1297134878?
2, 13, 49889803
List the prime factors of 1145925265.
5, 229185053
What are the prime factors of 49239522?
2, 3, 73, 12491
What are the prime factors of 33260604?
2, 3, 13, 213209
What are the prime factors of 70827537?
3, 11, 2146289
List the prime factors of 319887035.
5, 13, 4921339
List the prime factors of 20245311.
3, 53, 42443
What are the prime factors of 11706935?
5, 41, 57107
What are the prime factors of 2335514254?
2, 23, 50772049
What are the prime factors of 265018942?
2, 132509471
List the prime factors of 3109946457.
3, 29, 4729, 7559
What are the prime factors of 646459165?
5, 11, 59, 73, 2729
List the prime factors of 2018477100.
2, 3, 5, 6728257
What are the prime factors of 8599948?
2, 7, 101, 3041
What are the prime factors of 14681935?
5, 23, 127669
What are the prime factors of 3294094428?
2, 3, 61, 1500043
List the prime factors of 2383437645.
3, 5, 29, 1826389
List the prime factors of 37461424.
2, 7, 11, 13, 2339
What are the prime factors of 3275094755?
5, 655018951
What are the prime factors of 75050678?
2, 479, 78341
List the prime factors of 656887770.
2, 3, 5, 7, 11, 94789
What are the prime factors of 2195463667?
2195463667
What are the prime factors of 373766675?
5, 17, 23, 38237
What are the prime factors of 286890349?
1553, 184733
What are the prime factors of 3393301074?
2, 3, 163, 3469633
List the prime factors of 19351197.
3, 163, 4397
What are the prime factors of 96549807?
3, 877, 36697
What are the prime factors of 157691677?
11, 13, 17, 5897
What are the prime factors of 3176363819?
31, 102463349
What are the prime factors of 1117857624?
2, 3, 13, 3582877
What are the prime factors of 2922171702?
2, 3, 47, 127, 139, 587
List the prime factors of 3110789232.
2, 3, 89, 80909
What are the prime factors of 616147037?
11, 383, 146249
What are the prime factors of 20108733?
3, 877, 7643
What are the prime factors of 4125116115?
3, 5, 91669247
List the prime factors of 201149047.
11, 643, 28439
List the prime factors of 38235048.
2, 3, 53, 30059
List the prime factors of 82440394.
2, 2339, 17623
List the prime factors of 43046086.
2, 613, 35111
What are the prime factors of 4264535811?
3, 29, 49017653
List the prime factors of 45643390.
2, 5, 13, 29, 12107
What are the prime factors of 49079513?
7, 29, 241771
List the prime factors of 265597057.
11, 31, 41, 157
What are the prime factors of 69534745?
5, 7, 59, 151, 223
What are the prime factors of 362249058?
2, 3, 60374843
What are the prime factors of 35545152?
2, 3, 185131
What are the prime factors of 538720419?
3, 1861, 96493
What are the prime factors of 621087567?
3, 207029189
List the prime factors of 32342372.
2, 283, 28571
List the prime factors of 1820916147.
3, 606972049
List the prime factors of 32715459.
3, 7, 61, 8513
List the prime factors of 529852469.
37, 73, 196169
List the prime factors of 342037491.
3, 114012497
What are the prime factors of 11992154?
2, 19, 23, 13721
What are the prime factors of 775163100?
2, 3, 5, 2583877
What are the prime factors of 6071825?
5, 242873
List the prime factors of 767782168.
2, 53, 557, 3251
What are the prime factors of 62399202?
2, 3, 71, 146477
List the prime factors of 84982057.
197, 431381
What are the prime factors of 489218198?
2, 7, 1229, 28433
List the prime factors of 42885134.
2, 941, 22787
What are the prime factors of 3493227608?
2, 13, 587, 57221
List the prime factors of 55659601.
31, 1109, 1619
What are the prime factors of 1113564758?
2, 556782379
List the prime factors of 338386433.
7, 11, 179, 24551
List the prime factors of 104613556.
2, 29, 901841
List the prime factors of 1992276912.
2, 3, 41505769
List the prime factors of 112274889.
3, 163, 229601
List the prime factors of 23875841.
11, 37, 5333
List the prime factors of 3631246172.
2, 17, 53400679
What are the prime factors of 185990965?
5, 17, 41, 83, 643
What are the prime factors of 41021368?
2, 593, 8647
List the prime factors of 6539398.
2, 3269699
List the prime factors of 169442878.
2, 11, 157, 49057
What are the prime factors of 74796360?
2, 3, 5, 623303
List the prime factors of 566899250.
2, 5, 29, 78193
What are the prime factors of 4390432?
2, 137201
What are the prime factors of 131723174?
2, 11, 17, 352201
List the prime factors of 390439023.
3, 13, 41, 244177
List the prime factors of 125026020.
2, 3, 5, 7, 67, 1481
List the prime factors of 852877072.
2, 131, 406907
What are the prime factors of 1101330797?
7, 157332971
List the prime factors of 26674240.
2, 5, 83357
List the prime factors of 25357054.
2, 12678527
List the prime factors of 60523876.
2, 7, 17, 43, 2957
What are the prime factors of 57656860?
2, 5, 17, 23, 73, 101
List the prime factors of 36207360.
2, 3, 5, 7, 449
What are the prime factors of 48674243?
48674243
What are the prime factors of 80290198?
2, 97, 413867
What are the prime factors of 4259727586?
2, 2129863793
What are the prime factors of 308790418?
2, 61, 2531069
List the prime factors of 1455